{"id":987,"date":"2016-01-27T14:33:31","date_gmt":"2016-01-27T13:33:31","guid":{"rendered":"http:\/\/www.dermaportal.net\/?page_id=987"},"modified":"2022-05-17T23:13:53","modified_gmt":"2022-05-17T21:13:53","slug":"dietrich-abeck","status":"publish","type":"expert","link":"https:\/\/derma.plus\/en\/experten\/dietrich-abeck\/","title":{"rendered":"Dietrich Abeck"},"content":{"rendered":"","protected":false},"excerpt":{"rendered":"<p>In eigener Praxis niedergelassen seit 2004, langj\u00e4hriger leitender universit\u00e4rer Oberarzt (1995-2003) und Herausgeber verschiedener Fachb\u00fccher. Mitglied des Fachberatergremiums und des Pr\u00fcfungsausschusses der Bayerischen Landes\u00e4rztekammer.<\/p>\n","protected":false},"author":7,"featured_media":10764,"menu_order":0,"template":"","meta":{"_acf_changed":false,"_relevanssi_hide_post":"","_relevanssi_hide_content":"","_relevanssi_pin_for_all":"","_relevanssi_pin_keywords":"","_relevanssi_unpin_keywords":"","_relevanssi_related_keywords":"","_relevanssi_related_include_ids":"","_relevanssi_related_exclude_ids":"","_relevanssi_related_no_append":"","_relevanssi_related_not_related":"","_relevanssi_related_posts":"","_relevanssi_noindex_reason":"","inline_featured_image":false,"footnotes":""},"tags":[],"anatomies":[],"class_list":["post-987","expert","type-expert","status-publish","has-post-thumbnail","hentry"],"acf":[],"_links":{"self":[{"href":"https:\/\/derma.plus\/en\/wp-json\/wp\/v2\/experts\/987","targetHints":{"allow":["GET"]}}],"collection":[{"href":"https:\/\/derma.plus\/en\/wp-json\/wp\/v2\/experts"}],"about":[{"href":"https:\/\/derma.plus\/en\/wp-json\/wp\/v2\/types\/expert"}],"author":[{"embeddable":true,"href":"https:\/\/derma.plus\/en\/wp-json\/wp\/v2\/users\/7"}],"version-history":[{"count":3,"href":"https:\/\/derma.plus\/en\/wp-json\/wp\/v2\/experts\/987\/revisions"}],"predecessor-version":[{"id":11472,"href":"https:\/\/derma.plus\/en\/wp-json\/wp\/v2\/experts\/987\/revisions\/11472"}],"wp:featuredmedia":[{"embeddable":true,"href":"https:\/\/derma.plus\/en\/wp-json\/wp\/v2\/media\/10764"}],"wp:attachment":[{"href":"https:\/\/derma.plus\/en\/wp-json\/wp\/v2\/media?parent=987"}],"wp:term":[{"taxonomy":"post_tag","embeddable":true,"href":"https:\/\/derma.plus\/en\/wp-json\/wp\/v2\/tags?post=987"},{"taxonomy":"anatomy","embeddable":true,"href":"https:\/\/derma.plus\/en\/wp-json\/wp\/v2\/anatomies?post=987"}],"curies":[{"name":"wp","href":"https:\/\/api.w.org\/{rel}","templated":true}]}}

<p>In eigener Praxis niedergelassen seit 2004, langjähriger leitender universitärer Oberarzt (1995-2003) und Herausgeber verschiedener Fachbücher. Mitglied des Fachberatergremiums und des Prüfungsausschusses der Bayerischen Landesärztekammer.</p>
